{"id":379,"date":"2019-01-07T20:32:03","date_gmt":"2019-01-07T20:32:03","guid":{"rendered":"http:\/\/www.torbali5noluasm.com\/Yeni\/?page_id=379"},"modified":"2020-03-31T02:32:03","modified_gmt":"2020-03-31T02:32:03","slug":"alevi-vakfi-kuruluyor","status":"publish","type":"page","link":"http:\/\/www.torbali5noluasm.com\/Yeni\/","title":{"rendered":"Torbal\u0131 5 Nolu ASM"},"content":{"rendered":"\r\n\t\t<div class=\"wppsac-wrap wppsac-slick-slider-wrp wppsac-clearfix \" data-conf=\"{&quot;dots&quot;:&quot;true&quot;,&quot;arrows&quot;:&quot;true&quot;,&quot;autoplay&quot;:&quot;true&quot;,&quot;autoplay_interval&quot;:3000,&quot;speed&quot;:500,&quot;rtl&quot;:&quot;false&quot;,&quot;lazyload&quot;:&quot;&quot;}\">\r\n\t\t\t<div id=\"wppsac-post-slider-1\" class=\"wppsac-post-slider-init wppsac-post-slider design-3\">\r\n\t\t\t\t<div class=\"wppsac-post-slides\">\r\n\t<div class=\"wppsac-post-overlay\">\r\n\t\t<div class=\"wppsac-post-image-bg\">\r\n\t\t\t<a href=\"http:\/\/www.torbali5noluasm.com\/Yeni\/onemli-duyuru\/\">\r\n\t\t\t\t\t\t\t\t<img decoding=\"async\" class=\"wppsac-post-image\"  src=\"http:\/\/www.torbali5noluasm.com\/Yeni\/wp-content\/uploads\/2020\/03\/2.jpg\" alt=\"\u00d6nemli Duyuru\" \/>\r\n\t\t\t\t\t\t\t<\/a>\r\n\t\t<\/div>\r\n\r\n\t\t\t\t<div class=\"wppsac-post-categories\"><ul class=\"wppsac-post-categories-list\"><li><a href=\"http:\/\/www.torbali5noluasm.com\/Yeni\/category\/haber-duyuru\/\">HABER &amp; DUYURU<\/a><\/li><li><a href=\"http:\/\/www.torbali5noluasm.com\/Yeni\/category\/merkezimiz\/\">MERKEZ\u0130M\u0130Z<\/a><\/li><\/ul><\/div>\r\n\t\t\r\n\t\t<div class=\"wppsac-post-short-content\">\r\n\t\t\t<div class=\"wppsac-item-meta bottom\">\r\n\t\t\t  \t<h2 class=\"wppsac-post-title\">\r\n\t\t\t\t\t<a href=\"http:\/\/www.torbali5noluasm.com\/Yeni\/onemli-duyuru\/\">\u00d6nemli Duyuru<\/a>\r\n\t\t\t\t<\/h2>\r\n\r\n\t\t\t\t\t\t\t\t<div class=\"wppsac-post-date\">\r\n\t\t\t\t\t \r\n\t\t\t\t\t<span>Yazan admin<\/span>\r\n\t\t\t\t\t \/ Haziran 9, 2021\t\t\t\t<\/div>\r\n\t\t\t\t\t\t\t\t<div class=\"wppsac-post-content\">\r\n\t\t\t\t\t<div class=\"wppsac-sub-content\">Kurumumuzda randevu ile hasta kabul edilmektedir. Randevu almak isteyen vatanda\u015flar\u0131m\u0131z\u0131n a\u015fa\u011f\u0131daki linki t\u0131klayarak MHRS (Merkezi Hekim Randevu Sistemi)&nbsp; \u00fczerinden ya...<\/div>\r\n\r\n\t\t\t\t\t\t\t\t\t\t<a class=\"wppsac-readmorebtn\" href=\"http:\/\/www.torbali5noluasm.com\/Yeni\/onemli-duyuru\/\">Devam\u0131n\u0131 oku<\/a>\r\n\t\t\t\t\t\t\t\t\t<\/div>\r\n\t\t\t\t\t\t\t<\/div>\r\n\t\t<\/div>\r\n\t<\/div>\r\n<\/div><div class=\"wppsac-post-slides\">\r\n\t<div class=\"wppsac-post-overlay\">\r\n\t\t<div class=\"wppsac-post-image-bg\">\r\n\t\t\t<a href=\"http:\/\/www.torbali5noluasm.com\/Yeni\/duyuru\/\">\r\n\t\t\t\t\t\t\t\t<img decoding=\"async\" class=\"wppsac-post-image\"  src=\"http:\/\/www.torbali5noluasm.com\/Yeni\/wp-content\/uploads\/2020\/03\/logo2.jpg\" alt=\"Duyuru:\" \/>\r\n\t\t\t\t\t\t\t<\/a>\r\n\t\t<\/div>\r\n\r\n\t\t\t\t<div class=\"wppsac-post-categories\"><ul class=\"wppsac-post-categories-list\"><li><a href=\"http:\/\/www.torbali5noluasm.com\/Yeni\/category\/haber-duyuru\/\">HABER &amp; DUYURU<\/a><\/li><li><a href=\"http:\/\/www.torbali5noluasm.com\/Yeni\/category\/merkezimiz\/\">MERKEZ\u0130M\u0130Z<\/a><\/li><\/ul><\/div>\r\n\t\t\r\n\t\t<div class=\"wppsac-post-short-content\">\r\n\t\t\t<div class=\"wppsac-item-meta bottom\">\r\n\t\t\t  \t<h2 class=\"wppsac-post-title\">\r\n\t\t\t\t\t<a href=\"http:\/\/www.torbali5noluasm.com\/Yeni\/duyuru\/\">Duyuru:<\/a>\r\n\t\t\t\t<\/h2>\r\n\r\n\t\t\t\t\t\t\t\t<div class=\"wppsac-post-date\">\r\n\t\t\t\t\t \r\n\t\t\t\t\t<span>Yazan admin<\/span>\r\n\t\t\t\t\t \/ Kas\u0131m 19, 2020\t\t\t\t<\/div>\r\n\t\t\t\t\t\t\t\t<div class=\"wppsac-post-content\">\r\n\t\t\t\t\t<div class=\"wppsac-sub-content\">1-Grip a\u015f\u0131lar\u0131 sorgulamas\u0131n\u0131n e- nab\u0131zdan yap\u0131lmas\u0131 gerekmektedir. 2. Merkezimizde zat\u00fcrre a\u015f\u0131s\u0131 yap\u0131lamamaktad\u0131r. Halk\u0131m\u0131za duyurulur Torbal\u0131 5 Nolu ASM<\/div>\r\n\r\n\t\t\t\t\t\t\t\t\t\t<a class=\"wppsac-readmorebtn\" href=\"http:\/\/www.torbali5noluasm.com\/Yeni\/duyuru\/\">Devam\u0131n\u0131 oku<\/a>\r\n\t\t\t\t\t\t\t\t\t<\/div>\r\n\t\t\t\t\t\t\t<\/div>\r\n\t\t<\/div>\r\n\t<\/div>\r\n<\/div><div class=\"wppsac-post-slides\">\r\n\t<div class=\"wppsac-post-overlay\">\r\n\t\t<div class=\"wppsac-post-image-bg\">\r\n\t\t\t<a href=\"http:\/\/www.torbali5noluasm.com\/Yeni\/yeni-coronaviruse-karsi-1\/\">\r\n\t\t\t\t\t\t\t\t<img decoding=\"async\" class=\"wppsac-post-image\"  src=\"http:\/\/www.torbali5noluasm.com\/Yeni\/wp-content\/uploads\/2020\/03\/crr1.jpg\" alt=\"Yeni Coronavir\u00fcse kar\u015f\u0131 1\" \/>\r\n\t\t\t\t\t\t\t<\/a>\r\n\t\t<\/div>\r\n\r\n\t\t\t\t<div class=\"wppsac-post-categories\"><ul class=\"wppsac-post-categories-list\"><li><a href=\"http:\/\/www.torbali5noluasm.com\/Yeni\/category\/merkezimiz\/\">MERKEZ\u0130M\u0130Z<\/a><\/li><\/ul><\/div>\r\n\t\t\r\n\t\t<div class=\"wppsac-post-short-content\">\r\n\t\t\t<div class=\"wppsac-item-meta bottom\">\r\n\t\t\t  \t<h2 class=\"wppsac-post-title\">\r\n\t\t\t\t\t<a href=\"http:\/\/www.torbali5noluasm.com\/Yeni\/yeni-coronaviruse-karsi-1\/\">Yeni Coronavir\u00fcse kar\u015f\u0131 1<\/a>\r\n\t\t\t\t<\/h2>\r\n\r\n\t\t\t\t\t\t\t\t<div class=\"wppsac-post-date\">\r\n\t\t\t\t\t \r\n\t\t\t\t\t<span>Yazan admin<\/span>\r\n\t\t\t\t\t \/ Mart 7, 2020\t\t\t\t<\/div>\r\n\t\t\t\t\t\t\t\t<div class=\"wppsac-post-content\">\r\n\t\t\t\t\t<div class=\"wppsac-sub-content\"><\/div>\r\n\r\n\t\t\t\t\t\t\t\t\t\t<a class=\"wppsac-readmorebtn\" href=\"http:\/\/www.torbali5noluasm.com\/Yeni\/yeni-coronaviruse-karsi-1\/\">Devam\u0131n\u0131 oku<\/a>\r\n\t\t\t\t\t\t\t\t\t<\/div>\r\n\t\t\t\t\t\t\t<\/div>\r\n\t\t<\/div>\r\n\t<\/div>\r\n<\/div><div class=\"wppsac-post-slides\">\r\n\t<div class=\"wppsac-post-overlay\">\r\n\t\t<div class=\"wppsac-post-image-bg\">\r\n\t\t\t<a href=\"http:\/\/www.torbali5noluasm.com\/Yeni\/yeni-coronaviruse-karsi-2\/\">\r\n\t\t\t\t\t\t\t\t<img decoding=\"async\" class=\"wppsac-post-image\"  src=\"http:\/\/www.torbali5noluasm.com\/Yeni\/wp-content\/uploads\/2020\/03\/crr2.jpg\" alt=\"Yeni Coronavir\u00fcse kar\u015f\u0131 2\" \/>\r\n\t\t\t\t\t\t\t<\/a>\r\n\t\t<\/div>\r\n\r\n\t\t\t\t<div class=\"wppsac-post-categories\"><ul class=\"wppsac-post-categories-list\"><li><a href=\"http:\/\/www.torbali5noluasm.com\/Yeni\/category\/merkezimiz\/\">MERKEZ\u0130M\u0130Z<\/a><\/li><\/ul><\/div>\r\n\t\t\r\n\t\t<div class=\"wppsac-post-short-content\">\r\n\t\t\t<div class=\"wppsac-item-meta bottom\">\r\n\t\t\t  \t<h2 class=\"wppsac-post-title\">\r\n\t\t\t\t\t<a href=\"http:\/\/www.torbali5noluasm.com\/Yeni\/yeni-coronaviruse-karsi-2\/\">Yeni Coronavir\u00fcse kar\u015f\u0131 2<\/a>\r\n\t\t\t\t<\/h2>\r\n\r\n\t\t\t\t\t\t\t\t<div class=\"wppsac-post-date\">\r\n\t\t\t\t\t \r\n\t\t\t\t\t<span>Yazan admin<\/span>\r\n\t\t\t\t\t \/ Mart 7, 2020\t\t\t\t<\/div>\r\n\t\t\t\t\t\t\t\t<div class=\"wppsac-post-content\">\r\n\t\t\t\t\t<div class=\"wppsac-sub-content\"><\/div>\r\n\r\n\t\t\t\t\t\t\t\t\t\t<a class=\"wppsac-readmorebtn\" href=\"http:\/\/www.torbali5noluasm.com\/Yeni\/yeni-coronaviruse-karsi-2\/\">Devam\u0131n\u0131 oku<\/a>\r\n\t\t\t\t\t\t\t\t\t<\/div>\r\n\t\t\t\t\t\t\t<\/div>\r\n\t\t<\/div>\r\n\t<\/div>\r\n<\/div><div class=\"wppsac-post-slides\">\r\n\t<div class=\"wppsac-post-overlay\">\r\n\t\t<div class=\"wppsac-post-image-bg\">\r\n\t\t\t<a href=\"http:\/\/www.torbali5noluasm.com\/Yeni\/yeni-coronaviruse-karsi-3\/\">\r\n\t\t\t\t\t\t\t\t<img decoding=\"async\" class=\"wppsac-post-image\"  src=\"http:\/\/www.torbali5noluasm.com\/Yeni\/wp-content\/uploads\/2020\/03\/crr3.jpg\" alt=\"Yeni Coronavir\u00fcse kar\u015f\u0131 3\" \/>\r\n\t\t\t\t\t\t\t<\/a>\r\n\t\t<\/div>\r\n\r\n\t\t\t\t<div class=\"wppsac-post-categories\"><ul class=\"wppsac-post-categories-list\"><li><a href=\"http:\/\/www.torbali5noluasm.com\/Yeni\/category\/merkezimiz\/\">MERKEZ\u0130M\u0130Z<\/a><\/li><\/ul><\/div>\r\n\t\t\r\n\t\t<div class=\"wppsac-post-short-content\">\r\n\t\t\t<div class=\"wppsac-item-meta bottom\">\r\n\t\t\t  \t<h2 class=\"wppsac-post-title\">\r\n\t\t\t\t\t<a href=\"http:\/\/www.torbali5noluasm.com\/Yeni\/yeni-coronaviruse-karsi-3\/\">Yeni Coronavir\u00fcse kar\u015f\u0131 3<\/a>\r\n\t\t\t\t<\/h2>\r\n\r\n\t\t\t\t\t\t\t\t<div class=\"wppsac-post-date\">\r\n\t\t\t\t\t \r\n\t\t\t\t\t<span>Yazan admin<\/span>\r\n\t\t\t\t\t \/ Mart 7, 2020\t\t\t\t<\/div>\r\n\t\t\t\t\t\t\t\t<div class=\"wppsac-post-content\">\r\n\t\t\t\t\t<div class=\"wppsac-sub-content\"><\/div>\r\n\r\n\t\t\t\t\t\t\t\t\t\t<a class=\"wppsac-readmorebtn\" href=\"http:\/\/www.torbali5noluasm.com\/Yeni\/yeni-coronaviruse-karsi-3\/\">Devam\u0131n\u0131 oku<\/a>\r\n\t\t\t\t\t\t\t\t\t<\/div>\r\n\t\t\t\t\t\t\t<\/div>\r\n\t\t<\/div>\r\n\t<\/div>\r\n<\/div><div class=\"wppsac-post-slides\">\r\n\t<div class=\"wppsac-post-overlay\">\r\n\t\t<div class=\"wppsac-post-image-bg\">\r\n\t\t\t<a href=\"http:\/\/www.torbali5noluasm.com\/Yeni\/yeni-coronaviruse-karsi-4\/\">\r\n\t\t\t\t\t\t\t\t<img decoding=\"async\" class=\"wppsac-post-image\"  src=\"http:\/\/www.torbali5noluasm.com\/Yeni\/wp-content\/uploads\/2020\/03\/crr4.jpg\" alt=\"Yeni Coronavir\u00fcse kar\u015f\u0131 4\" \/>\r\n\t\t\t\t\t\t\t<\/a>\r\n\t\t<\/div>\r\n\r\n\t\t\t\t<div class=\"wppsac-post-categories\"><ul class=\"wppsac-post-categories-list\"><li><a href=\"http:\/\/www.torbali5noluasm.com\/Yeni\/category\/merkezimiz\/\">MERKEZ\u0130M\u0130Z<\/a><\/li><\/ul><\/div>\r\n\t\t\r\n\t\t<div class=\"wppsac-post-short-content\">\r\n\t\t\t<div class=\"wppsac-item-meta bottom\">\r\n\t\t\t  \t<h2 class=\"wppsac-post-title\">\r\n\t\t\t\t\t<a href=\"http:\/\/www.torbali5noluasm.com\/Yeni\/yeni-coronaviruse-karsi-4\/\">Yeni Coronavir\u00fcse kar\u015f\u0131 4<\/a>\r\n\t\t\t\t<\/h2>\r\n\r\n\t\t\t\t\t\t\t\t<div class=\"wppsac-post-date\">\r\n\t\t\t\t\t \r\n\t\t\t\t\t<span>Yazan admin<\/span>\r\n\t\t\t\t\t \/ Mart 7, 2020\t\t\t\t<\/div>\r\n\t\t\t\t\t\t\t\t<div class=\"wppsac-post-content\">\r\n\t\t\t\t\t<div class=\"wppsac-sub-content\"><\/div>\r\n\r\n\t\t\t\t\t\t\t\t\t\t<a class=\"wppsac-readmorebtn\" href=\"http:\/\/www.torbali5noluasm.com\/Yeni\/yeni-coronaviruse-karsi-4\/\">Devam\u0131n\u0131 oku<\/a>\r\n\t\t\t\t\t\t\t\t\t<\/div>\r\n\t\t\t\t\t\t\t<\/div>\r\n\t\t<\/div>\r\n\t<\/div>\r\n<\/div><div class=\"wppsac-post-slides\">\r\n\t<div class=\"wppsac-post-overlay\">\r\n\t\t<div class=\"wppsac-post-image-bg\">\r\n\t\t\t<a href=\"http:\/\/www.torbali5noluasm.com\/Yeni\/yeni-coronaviruse-karsi-5\/\">\r\n\t\t\t\t\t\t\t\t<img decoding=\"async\" class=\"wppsac-post-image\"  src=\"http:\/\/www.torbali5noluasm.com\/Yeni\/wp-content\/uploads\/2020\/03\/crr5.jpg\" alt=\"Yeni Coronavir\u00fcse kar\u015f\u0131 5\" \/>\r\n\t\t\t\t\t\t\t<\/a>\r\n\t\t<\/div>\r\n\r\n\t\t\t\t<div class=\"wppsac-post-categories\"><ul class=\"wppsac-post-categories-list\"><li><a href=\"http:\/\/www.torbali5noluasm.com\/Yeni\/category\/merkezimiz\/\">MERKEZ\u0130M\u0130Z<\/a><\/li><\/ul><\/div>\r\n\t\t\r\n\t\t<div class=\"wppsac-post-short-content\">\r\n\t\t\t<div class=\"wppsac-item-meta bottom\">\r\n\t\t\t  \t<h2 class=\"wppsac-post-title\">\r\n\t\t\t\t\t<a href=\"http:\/\/www.torbali5noluasm.com\/Yeni\/yeni-coronaviruse-karsi-5\/\">Yeni Coronavir\u00fcse kar\u015f\u0131 5<\/a>\r\n\t\t\t\t<\/h2>\r\n\r\n\t\t\t\t\t\t\t\t<div class=\"wppsac-post-date\">\r\n\t\t\t\t\t \r\n\t\t\t\t\t<span>Yazan admin<\/span>\r\n\t\t\t\t\t \/ Mart 7, 2020\t\t\t\t<\/div>\r\n\t\t\t\t\t\t\t\t<div class=\"wppsac-post-content\">\r\n\t\t\t\t\t<div class=\"wppsac-sub-content\"><\/div>\r\n\r\n\t\t\t\t\t\t\t\t\t\t<a class=\"wppsac-readmorebtn\" href=\"http:\/\/www.torbali5noluasm.com\/Yeni\/yeni-coronaviruse-karsi-5\/\">Devam\u0131n\u0131 oku<\/a>\r\n\t\t\t\t\t\t\t\t\t<\/div>\r\n\t\t\t\t\t\t\t<\/div>\r\n\t\t<\/div>\r\n\t<\/div>\r\n<\/div><div class=\"wppsac-post-slides\">\r\n\t<div class=\"wppsac-post-overlay\">\r\n\t\t<div class=\"wppsac-post-image-bg\">\r\n\t\t\t<a href=\"http:\/\/www.torbali5noluasm.com\/Yeni\/yeni-coronaviruse-karsi-6\/\">\r\n\t\t\t\t\t\t\t\t<img decoding=\"async\" class=\"wppsac-post-image\"  src=\"http:\/\/www.torbali5noluasm.com\/Yeni\/wp-content\/uploads\/2020\/03\/crr6.jpg\" alt=\"Yeni Coronavir\u00fcse kar\u015f\u0131 6\" \/>\r\n\t\t\t\t\t\t\t<\/a>\r\n\t\t<\/div>\r\n\r\n\t\t\t\t<div class=\"wppsac-post-categories\"><ul class=\"wppsac-post-categories-list\"><li><a href=\"http:\/\/www.torbali5noluasm.com\/Yeni\/category\/merkezimiz\/\">MERKEZ\u0130M\u0130Z<\/a><\/li><\/ul><\/div>\r\n\t\t\r\n\t\t<div class=\"wppsac-post-short-content\">\r\n\t\t\t<div class=\"wppsac-item-meta bottom\">\r\n\t\t\t  \t<h2 class=\"wppsac-post-title\">\r\n\t\t\t\t\t<a href=\"http:\/\/www.torbali5noluasm.com\/Yeni\/yeni-coronaviruse-karsi-6\/\">Yeni Coronavir\u00fcse kar\u015f\u0131 6<\/a>\r\n\t\t\t\t<\/h2>\r\n\r\n\t\t\t\t\t\t\t\t<div class=\"wppsac-post-date\">\r\n\t\t\t\t\t \r\n\t\t\t\t\t<span>Yazan admin<\/span>\r\n\t\t\t\t\t \/ Mart 7, 2020\t\t\t\t<\/div>\r\n\t\t\t\t\t\t\t\t<div class=\"wppsac-post-content\">\r\n\t\t\t\t\t<div class=\"wppsac-sub-content\"><\/div>\r\n\r\n\t\t\t\t\t\t\t\t\t\t<a class=\"wppsac-readmorebtn\" href=\"http:\/\/www.torbali5noluasm.com\/Yeni\/yeni-coronaviruse-karsi-6\/\">Devam\u0131n\u0131 oku<\/a>\r\n\t\t\t\t\t\t\t\t\t<\/div>\r\n\t\t\t\t\t\t\t<\/div>\r\n\t\t<\/div>\r\n\t<\/div>\r\n<\/div><div class=\"wppsac-post-slides\">\r\n\t<div class=\"wppsac-post-overlay\">\r\n\t\t<div class=\"wppsac-post-image-bg\">\r\n\t\t\t<a href=\"http:\/\/www.torbali5noluasm.com\/Yeni\/merkezimizden-goruntuler-2\/\">\r\n\t\t\t\t\t\t\t\t<img decoding=\"async\" class=\"wppsac-post-image\"  src=\"http:\/\/www.torbali5noluasm.com\/Yeni\/wp-content\/uploads\/2020\/03\/2.png\" alt=\"Merkezimizden G\u00f6r\u00fcnt\u00fcler 2\" \/>\r\n\t\t\t\t\t\t\t<\/a>\r\n\t\t<\/div>\r\n\r\n\t\t\t\t<div class=\"wppsac-post-categories\"><ul class=\"wppsac-post-categories-list\"><li><a href=\"http:\/\/www.torbali5noluasm.com\/Yeni\/category\/merkezimiz\/\">MERKEZ\u0130M\u0130Z<\/a><\/li><\/ul><\/div>\r\n\t\t\r\n\t\t<div class=\"wppsac-post-short-content\">\r\n\t\t\t<div class=\"wppsac-item-meta bottom\">\r\n\t\t\t  \t<h2 class=\"wppsac-post-title\">\r\n\t\t\t\t\t<a href=\"http:\/\/www.torbali5noluasm.com\/Yeni\/merkezimizden-goruntuler-2\/\">Merkezimizden G\u00f6r\u00fcnt\u00fcler 2<\/a>\r\n\t\t\t\t<\/h2>\r\n\r\n\t\t\t\t\t\t\t\t<div class=\"wppsac-post-date\">\r\n\t\t\t\t\t \r\n\t\t\t\t\t<span>Yazan admin<\/span>\r\n\t\t\t\t\t \/ Mart 5, 2020\t\t\t\t<\/div>\r\n\t\t\t\t\t\t\t\t<div class=\"wppsac-post-content\">\r\n\t\t\t\t\t<div class=\"wppsac-sub-content\"><\/div>\r\n\r\n\t\t\t\t\t\t\t\t\t\t<a class=\"wppsac-readmorebtn\" href=\"http:\/\/www.torbali5noluasm.com\/Yeni\/merkezimizden-goruntuler-2\/\">Devam\u0131n\u0131 oku<\/a>\r\n\t\t\t\t\t\t\t\t\t<\/div>\r\n\t\t\t\t\t\t\t<\/div>\r\n\t\t<\/div>\r\n\t<\/div>\r\n<\/div><div class=\"wppsac-post-slides\">\r\n\t<div class=\"wppsac-post-overlay\">\r\n\t\t<div class=\"wppsac-post-image-bg\">\r\n\t\t\t<a href=\"http:\/\/www.torbali5noluasm.com\/Yeni\/merkezimizden-goruntuler-1\/\">\r\n\t\t\t\t\t\t\t\t<img decoding=\"async\" class=\"wppsac-post-image\"  src=\"http:\/\/www.torbali5noluasm.com\/Yeni\/wp-content\/uploads\/2020\/03\/1.jpg\" alt=\"Merkezimizden G\u00f6r\u00fcnt\u00fcler 1\" \/>\r\n\t\t\t\t\t\t\t<\/a>\r\n\t\t<\/div>\r\n\r\n\t\t\t\t<div class=\"wppsac-post-categories\"><ul class=\"wppsac-post-categories-list\"><li><a href=\"http:\/\/www.torbali5noluasm.com\/Yeni\/category\/merkezimiz\/\">MERKEZ\u0130M\u0130Z<\/a><\/li><\/ul><\/div>\r\n\t\t\r\n\t\t<div class=\"wppsac-post-short-content\">\r\n\t\t\t<div class=\"wppsac-item-meta bottom\">\r\n\t\t\t  \t<h2 class=\"wppsac-post-title\">\r\n\t\t\t\t\t<a href=\"http:\/\/www.torbali5noluasm.com\/Yeni\/merkezimizden-goruntuler-1\/\">Merkezimizden G\u00f6r\u00fcnt\u00fcler 1<\/a>\r\n\t\t\t\t<\/h2>\r\n\r\n\t\t\t\t\t\t\t\t<div class=\"wppsac-post-date\">\r\n\t\t\t\t\t \r\n\t\t\t\t\t<span>Yazan admin<\/span>\r\n\t\t\t\t\t \/ Mart 2, 2020\t\t\t\t<\/div>\r\n\t\t\t\t\t\t\t\t<div class=\"wppsac-post-content\">\r\n\t\t\t\t\t<div class=\"wppsac-sub-content\"><\/div>\r\n\r\n\t\t\t\t\t\t\t\t\t\t<a class=\"wppsac-readmorebtn\" href=\"http:\/\/www.torbali5noluasm.com\/Yeni\/merkezimizden-goruntuler-1\/\">Devam\u0131n\u0131 oku<\/a>\r\n\t\t\t\t\t\t\t\t\t<\/div>\r\n\t\t\t\t\t\t\t<\/div>\r\n\t\t<\/div>\r\n\t<\/div>\r\n<\/div>\t\t\t<\/div>\r\n\t\t<\/div>\r\n\t\r\n\r\n<p>&nbsp;<\/p>\r\n\r\n<h5><span style=\"font-family: arial, helvetica, sans-serif; font-size: 12pt;\"><strong>Neden Aile Hekimli\u011fi<\/strong><\/span><\/h5>\r\n<p style=\"text-align: justify;\"><span style=\"font-family: arial, helvetica, sans-serif; font-size: 10pt;\">Aile hekimi, aile bireylerinin ikametlerine yak\u0131n olup hizmet verdi\u011fi toplumu her y\u00f6n\u00fcyle tan\u0131r; aile, \u00e7evre ve i\u015f ili\u015fkilerini de\u011ferlendirir. <\/span><br \/><br \/><span style=\"font-family: arial, helvetica, sans-serif; font-size: 10pt;\">Ailenin b\u00fct\u00fcn bireylerinin sa\u011fl\u0131k durumlar\u0131n\u0131, ya\u015fama ko\u015fullar\u0131n\u0131, dolay\u0131s\u0131yla koruyucu sa\u011fl\u0131k uygulamalar\u0131n\u0131n ve sa\u011fl\u0131k e\u011fitimlerini bireylere nas\u0131l uygulanaca\u011f\u0131n\u0131 en iyi bilen ki\u015fidir.<\/span><\/p>\r\n<p style=\"text-align: justify;\"><span style=\"font-family: arial, helvetica, sans-serif; font-size: 10pt;\">Bu doktorlar kendi sorumlulu\u011fu alt\u0131ndaki bireyleri bir hastal\u0131k \u00e7er\u00e7evesinde de\u011fil, b\u00fct\u00fcnc\u00fcl bir yakla\u015f\u0131mla riskler, sa\u011fl\u0131k ko\u015fullar\u0131, psikososyal \u00e7evre ve mevcut di\u011fer akut veya kronik sa\u011fl\u0131k sorunlar\u0131 ile birlikte bir b\u00fct\u00fcn olarak de\u011ferlendirir. <\/span><\/p>\r\n\r\n\r\n\r\n<p><br \/><iframe loading=\"lazy\" src=\"https:\/\/www.saglikaktuel.com\/service\/?t=2\" width=\"600\" height=\"350\" frameborder=\"0\" scrolling=\"yes\"><\/iframe><\/p>","protected":false},"excerpt":{"rendered":"<p>&nbsp; Neden Aile Hekimli\u011fi Aile hekimi, aile bireylerinin ikametlerine yak\u0131n olup hizmet verdi\u011fi toplumu her y\u00f6n\u00fcyle tan\u0131r; aile, \u00e7evre ve i\u015f ili\u015fkilerini de\u011ferlendirir. Ailenin b\u00fct\u00fcn&#8230;<\/p>\n","protected":false},"author":1,"featured_media":0,"parent":0,"menu_order":0,"comment_status":"closed","ping_status":"closed","template":"","meta":{"ngg_post_thumbnail":0,"footnotes":""},"class_list":["post-379","page","type-page","status-publish","hentry","entry"],"_links":{"self":[{"href":"http:\/\/www.torbali5noluasm.com\/Yeni\/wp-json\/wp\/v2\/pages\/379","targetHints":{"allow":["GET"]}}],"collection":[{"href":"http:\/\/www.torbali5noluasm.com\/Yeni\/wp-json\/wp\/v2\/pages"}],"about":[{"href":"http:\/\/www.torbali5noluasm.com\/Yeni\/wp-json\/wp\/v2\/types\/page"}],"author":[{"embeddable":true,"href":"http:\/\/www.torbali5noluasm.com\/Yeni\/wp-json\/wp\/v2\/users\/1"}],"replies":[{"embeddable":true,"href":"http:\/\/www.torbali5noluasm.com\/Yeni\/wp-json\/wp\/v2\/comments?post=379"}],"version-history":[{"count":44,"href":"http:\/\/www.torbali5noluasm.com\/Yeni\/wp-json\/wp\/v2\/pages\/379\/revisions"}],"predecessor-version":[{"id":790,"href":"http:\/\/www.torbali5noluasm.com\/Yeni\/wp-json\/wp\/v2\/pages\/379\/revisions\/790"}],"wp:attachment":[{"href":"http:\/\/www.torbali5noluasm.com\/Yeni\/wp-json\/wp\/v2\/media?parent=379"}],"curies":[{"name":"wp","href":"https:\/\/api.w.org\/{rel}","templated":true}]}}